{"id":269,"date":"2021-04-14T09:25:46","date_gmt":"2021-04-14T09:25:46","guid":{"rendered":"https:\/\/wp.kodesolution.live\/2021\/business\/sectron\/?page_id=269"},"modified":"2021-04-14T09:25:46","modified_gmt":"2021-04-14T09:25:46","slug":"service-grid","status":"publish","type":"page","link":"https:\/\/www.klimujeme.com\/?page_id=269","title":{"rendered":"Service Grid"},"content":{"rendered":"\t\t<div data-elementor-type=\"wp-page\" data-elementor-id=\"269\" class=\"elementor elementor-269\">\n\t\t\t\t\t\t<section class=\"elementor-section elementor-top-section elementor-element elementor-element-844c4ca elementor-section-stretched elementor-section-boxed elementor-section-height-default elementor-section-height-default tm-col-stretched-none tm-bg-color-over-image\" data-id=\"844c4ca\" data-element_type=\"section\" data-settings=\"{&quot;stretch_section&quot;:&quot;section-stretched&quot;}\">\n\t\t\t\t\t\t<div class=\"elementor-container elementor-column-gap-extended\">\n\t\t\t\t\t<div class=\"elementor-column elementor-col-100 elementor-top-column elementor-element elementor-element-fd3a2a6 tm-bg-color-over-image\" data-id=\"fd3a2a6\" data-element_type=\"column\">\n\t\t\t<div class=\"elementor-widget-wrap elementor-element-populated\">\n\t\t\t\t\t\t<div class=\"elementor-element elementor-element-c249335 elementor-widget elementor-widget-tm-ele-cpt-services\" data-id=\"c249335\" data-element_type=\"widget\" data-widget_type=\"tm-ele-cpt-services.skin-style-current-theme6\">\n\t\t\t\t<div class=\"elementor-widget-container\">\n\t\t\t\r\n\t<div class=\"tm-sc-services tm-sc-services-grid \">\r\n\t\t\r\n\t\r\n\t\t<!-- Isotope Gallery Grid -->\r\n\t\t<div id=\"services-holder-472123\" class=\"isotope-layout grid-3 gutter-15 clearfix\">\r\n\t\t\t<div class=\"isotope-layout-inner\">\r\n\r\n                <!-- the loop -->\r\n                                                <div class=\"isotope-item \">\r\n                    <div class=\"post-530 services type-services status-publish has-post-thumbnail hentry\">\r\n\t<div class=\"service-item-current-style6\">\r\n\t\t<div class=\"service-inner\">\r\n\t\t\t<div class=\"details\">\r\n\t\t\t\t\t\t\t\t\t<h4 class=\"title service-title\"><a href=\"https:\/\/www.klimujeme.com\/?services=cooling-services\">Cooling Services<\/a><\/h4>\r\n\t\t\t\t\t\t\t\t\t\t\t\t\t\t\t\t\t\t\t<div class=\"excerpt service-details\">\r\n\t\t\t\t\t\t\tAliq is notm hendr erit a Latin augue insu establi shed fact\t\t\t\t\t\t<\/div>\r\n\t\t\t\t\t\t\t\t\t\t\t\t\t<div class=\"overlay-inner\">\r\n\t\t\t\t\t\t\t\t<div class=\"icon\"><i aria-hidden=\"true\" class=\" flaticon-ac1-air-conditioner-9\"><\/i><\/div>\r\n\t\t\t\t\t<\/div>\r\n\t\t\t\t<div class=\"link\">\r\n\t\t\t\t\t<a href=\"https:\/\/www.klimujeme.com\/?services=cooling-services\">\r\n\t\t\t\t\t\t<i class=\"far fa-arrow-right\"><\/i>\r\n\t\t\t\t\t<\/a>\r\n\t\t\t\t<\/div>\r\n\t\t\t<\/div>\r\n\t\t\t<div class=\"service-header\">\r\n\t\t\t\t<div class=\"thumb\">\r\n\t\t\t\t\t<img fetchpriority=\"high\" width=\"672\" height=\"448\" src=\"https:\/\/www.klimujeme.com\/wp-content\/uploads\/2021\/09\/bg2-672x448.jpg\" class=\"img-fullwidth wp-post-image\" alt=\"\" decoding=\"async\" srcset=\"https:\/\/www.klimujeme.com\/wp-content\/uploads\/2021\/09\/bg2-672x448.jpg 672w, https:\/\/www.klimujeme.com\/wp-content\/uploads\/2021\/09\/bg2-600x400.jpg 600w, https:\/\/www.klimujeme.com\/wp-content\/uploads\/2021\/09\/bg2-300x200.jpg 300w, https:\/\/www.klimujeme.com\/wp-content\/uploads\/2021\/09\/bg2-1024x683.jpg 1024w, https:\/\/www.klimujeme.com\/wp-content\/uploads\/2021\/09\/bg2-768x512.jpg 768w, https:\/\/www.klimujeme.com\/wp-content\/uploads\/2021\/09\/bg2-1536x1024.jpg 1536w, https:\/\/www.klimujeme.com\/wp-content\/uploads\/2021\/09\/bg2.jpg 1920w\" sizes=\"(max-width: 672px) 100vw, 672px\" \/>\t\t\t\t<\/div>\r\n\t\t\t<\/div>\r\n\t\t<\/div>\r\n\t<\/div>\r\n<\/div>                <\/div>\r\n                                                <div class=\"isotope-item \">\r\n                    <div class=\"post-529 services type-services status-publish has-post-thumbnail hentry\">\r\n\t<div class=\"service-item-current-style6\">\r\n\t\t<div class=\"service-inner\">\r\n\t\t\t<div class=\"details\">\r\n\t\t\t\t\t\t\t\t\t<h4 class=\"title service-title\"><a href=\"https:\/\/www.klimujeme.com\/?services=ac-maintenance\">AC Maintenance<\/a><\/h4>\r\n\t\t\t\t\t\t\t\t\t\t\t\t\t\t\t\t\t\t\t<div class=\"excerpt service-details\">\r\n\t\t\t\t\t\t\tAliq is notm hendr erit a Latin augue insu establi shed fact\t\t\t\t\t\t<\/div>\r\n\t\t\t\t\t\t\t\t\t\t\t\t\t<div class=\"overlay-inner\">\r\n\t\t\t\t\t\t\t\t<div class=\"icon\"><i aria-hidden=\"true\" class=\" flaticon-ac1-mechanic\"><\/i><\/div>\r\n\t\t\t\t\t<\/div>\r\n\t\t\t\t<div class=\"link\">\r\n\t\t\t\t\t<a href=\"https:\/\/www.klimujeme.com\/?services=ac-maintenance\">\r\n\t\t\t\t\t\t<i class=\"far fa-arrow-right\"><\/i>\r\n\t\t\t\t\t<\/a>\r\n\t\t\t\t<\/div>\r\n\t\t\t<\/div>\r\n\t\t\t<div class=\"service-header\">\r\n\t\t\t\t<div class=\"thumb\">\r\n\t\t\t\t\t<img width=\"672\" height=\"448\" src=\"https:\/\/www.klimujeme.com\/wp-content\/uploads\/2021\/04\/bg1-672x448.jpg\" class=\"img-fullwidth wp-post-image\" alt=\"\" decoding=\"async\" srcset=\"https:\/\/www.klimujeme.com\/wp-content\/uploads\/2021\/04\/bg1-672x448.jpg 672w, https:\/\/www.klimujeme.com\/wp-content\/uploads\/2021\/04\/bg1-600x400.jpg 600w, https:\/\/www.klimujeme.com\/wp-content\/uploads\/2021\/04\/bg1-300x200.jpg 300w, https:\/\/www.klimujeme.com\/wp-content\/uploads\/2021\/04\/bg1-1024x683.jpg 1024w, https:\/\/www.klimujeme.com\/wp-content\/uploads\/2021\/04\/bg1-768x512.jpg 768w, https:\/\/www.klimujeme.com\/wp-content\/uploads\/2021\/04\/bg1-1536x1024.jpg 1536w, https:\/\/www.klimujeme.com\/wp-content\/uploads\/2021\/04\/bg1.jpg 1920w\" sizes=\"(max-width: 672px) 100vw, 672px\" \/>\t\t\t\t<\/div>\r\n\t\t\t<\/div>\r\n\t\t<\/div>\r\n\t<\/div>\r\n<\/div>                <\/div>\r\n                                                <div class=\"isotope-item \">\r\n                    <div class=\"post-22948 services type-services status-publish has-post-thumbnail hentry\">\r\n\t<div class=\"service-item-current-style6\">\r\n\t\t<div class=\"service-inner\">\r\n\t\t\t<div class=\"details\">\r\n\t\t\t\t\t\t\t\t\t<h4 class=\"title service-title\"><a href=\"https:\/\/www.klimujeme.com\/?services=dust-cleaning\">Dust Cleaning<\/a><\/h4>\r\n\t\t\t\t\t\t\t\t\t\t\t\t\t\t\t\t\t\t\t<div class=\"excerpt service-details\">\r\n\t\t\t\t\t\t\tAliq is notm hendr erit a Latin augue insu establi shed fact\t\t\t\t\t\t<\/div>\r\n\t\t\t\t\t\t\t\t\t\t\t\t\t<div class=\"overlay-inner\">\r\n\t\t\t\t\t\t\t\t<div class=\"icon\"><i aria-hidden=\"true\" class=\" flaticon-ac1-air-conditioner-11\"><\/i><\/div>\r\n\t\t\t\t\t<\/div>\r\n\t\t\t\t<div class=\"link\">\r\n\t\t\t\t\t<a href=\"https:\/\/www.klimujeme.com\/?services=dust-cleaning\">\r\n\t\t\t\t\t\t<i class=\"far fa-arrow-right\"><\/i>\r\n\t\t\t\t\t<\/a>\r\n\t\t\t\t<\/div>\r\n\t\t\t<\/div>\r\n\t\t\t<div class=\"service-header\">\r\n\t\t\t\t<div class=\"thumb\">\r\n\t\t\t\t\t<img width=\"672\" height=\"448\" src=\"https:\/\/www.klimujeme.com\/wp-content\/uploads\/2021\/04\/bg3-672x448.jpg\" class=\"img-fullwidth wp-post-image\" alt=\"\" decoding=\"async\" srcset=\"https:\/\/www.klimujeme.com\/wp-content\/uploads\/2021\/04\/bg3-672x448.jpg 672w, https:\/\/www.klimujeme.com\/wp-content\/uploads\/2021\/04\/bg3-600x400.jpg 600w, https:\/\/www.klimujeme.com\/wp-content\/uploads\/2021\/04\/bg3-300x200.jpg 300w, https:\/\/www.klimujeme.com\/wp-content\/uploads\/2021\/04\/bg3-1024x683.jpg 1024w, https:\/\/www.klimujeme.com\/wp-content\/uploads\/2021\/04\/bg3-768x512.jpg 768w, https:\/\/www.klimujeme.com\/wp-content\/uploads\/2021\/04\/bg3-1536x1024.jpg 1536w, https:\/\/www.klimujeme.com\/wp-content\/uploads\/2021\/04\/bg3.jpg 1920w\" sizes=\"(max-width: 672px) 100vw, 672px\" \/>\t\t\t\t<\/div>\r\n\t\t\t<\/div>\r\n\t\t<\/div>\r\n\t<\/div>\r\n<\/div>                <\/div>\r\n                                <!-- end of the loop -->\r\n\t\t\t<\/div>\r\n\t\t<\/div>\r\n\t\t\t<\/div>\r\n\t\t\r\n\r\n\t\t<\/div>\n\t\t\t\t<\/div>\n\t\t\t\t\t<\/div>\n\t\t<\/div>\n\t\t\t\t\t<\/div>\n\t\t<\/section>\n\t\t\t\t<\/div>\n\t\t","protected":false},"excerpt":{"rendered":"<p>Cooling Services Aliq is notm hendr erit a Latin augue insu establi shed fact AC Maintenance Aliq is notm hendr&#8230;<\/p>\n","protected":false},"author":1,"featured_media":0,"parent":0,"menu_order":0,"comment_status":"closed","ping_status":"closed","template":"","meta":{"_mi_skip_tracking":false,"_monsterinsights_sitenote_active":false,"_monsterinsights_sitenote_note":"","_monsterinsights_sitenote_category":0},"yoast_head":"<!-- This site is optimized with the Yoast SEO plugin v21.8.1 - https:\/\/yoast.com\/wordpress\/plugins\/seo\/ -->\n<title>Service Grid - KLIMUJEME.SK - Klimatiz\u00e1cie a tepeln\u00e9 \u010derpadl\u00e1<\/title>\n<meta name=\"robots\" content=\"index, follow, max-snippet:-1, max-image-preview:large, max-video-preview:-1\" \/>\n<link rel=\"canonical\" href=\"https:\/\/www.klimujeme.com\/?page_id=269\" \/>\n<meta property=\"og:locale\" content=\"sk_SK\" \/>\n<meta property=\"og:type\" content=\"article\" \/>\n<meta property=\"og:title\" content=\"Service Grid - KLIMUJEME.SK - Klimatiz\u00e1cie a tepeln\u00e9 \u010derpadl\u00e1\" \/>\n<meta property=\"og:description\" content=\"Cooling Services Aliq is notm hendr erit a Latin augue insu establi shed fact AC Maintenance Aliq is notm hendr...\" \/>\n<meta property=\"og:url\" content=\"https:\/\/www.klimujeme.com\/?page_id=269\" \/>\n<meta property=\"og:site_name\" content=\"KLIMUJEME.SK - Klimatiz\u00e1cie a tepeln\u00e9 \u010derpadl\u00e1\" \/>\n<meta property=\"og:image\" content=\"https:\/\/kodesolution.com\/2022\/cooltech\/wp-content\/uploads\/2021\/09\/bg2-672x448.jpg\" \/>\n<meta name=\"twitter:card\" content=\"summary_large_image\" \/>\n<script type=\"application\/ld+json\" class=\"yoast-schema-graph\">{\"@context\":\"https:\/\/schema.org\",\"@graph\":[{\"@type\":\"WebPage\",\"@id\":\"https:\/\/www.klimujeme.com\/?page_id=269\",\"url\":\"https:\/\/www.klimujeme.com\/?page_id=269\",\"name\":\"Service Grid - KLIMUJEME.SK - Klimatiz\u00e1cie a tepeln\u00e9 \u010derpadl\u00e1\",\"isPartOf\":{\"@id\":\"https:\/\/www.klimujeme.com\/#website\"},\"datePublished\":\"2021-04-14T09:25:46+00:00\",\"dateModified\":\"2021-04-14T09:25:46+00:00\",\"breadcrumb\":{\"@id\":\"https:\/\/www.klimujeme.com\/?page_id=269#breadcrumb\"},\"inLanguage\":\"sk-SK\",\"potentialAction\":[{\"@type\":\"ReadAction\",\"target\":[\"https:\/\/www.klimujeme.com\/?page_id=269\"]}]},{\"@type\":\"BreadcrumbList\",\"@id\":\"https:\/\/www.klimujeme.com\/?page_id=269#breadcrumb\",\"itemListElement\":[{\"@type\":\"ListItem\",\"position\":1,\"name\":\"Domovsk\u00e1 str\u00e1nka\",\"item\":\"https:\/\/www.klimujeme.com\/\"},{\"@type\":\"ListItem\",\"position\":2,\"name\":\"Service Grid\"}]},{\"@type\":\"WebSite\",\"@id\":\"https:\/\/www.klimujeme.com\/#website\",\"url\":\"https:\/\/www.klimujeme.com\/\",\"name\":\"KLIMUJEME.SK - Klimatiz\u00e1cie a tepeln\u00e9 \u010derpadl\u00e1\",\"description\":\"Klimatiz\u00e1cie pre v\u00e1\u0161 domov aj podnikanie\",\"potentialAction\":[{\"@type\":\"SearchAction\",\"target\":{\"@type\":\"EntryPoint\",\"urlTemplate\":\"https:\/\/www.klimujeme.com\/?s={search_term_string}\"},\"query-input\":\"required name=search_term_string\"}],\"inLanguage\":\"sk-SK\"}]}<\/script>\n<!-- \/ Yoast SEO plugin. -->","yoast_head_json":{"title":"Service Grid - KLIMUJEME.SK - Klimatiz\u00e1cie a tepeln\u00e9 \u010derpadl\u00e1","robots":{"index":"index","follow":"follow","max-snippet":"max-snippet:-1","max-image-preview":"max-image-preview:large","max-video-preview":"max-video-preview:-1"},"canonical":"https:\/\/www.klimujeme.com\/?page_id=269","og_locale":"sk_SK","og_type":"article","og_title":"Service Grid - KLIMUJEME.SK - Klimatiz\u00e1cie a tepeln\u00e9 \u010derpadl\u00e1","og_description":"Cooling Services Aliq is notm hendr erit a Latin augue insu establi shed fact AC Maintenance Aliq is notm hendr...","og_url":"https:\/\/www.klimujeme.com\/?page_id=269","og_site_name":"KLIMUJEME.SK - Klimatiz\u00e1cie a tepeln\u00e9 \u010derpadl\u00e1","og_image":[{"url":"https:\/\/kodesolution.com\/2022\/cooltech\/wp-content\/uploads\/2021\/09\/bg2-672x448.jpg"}],"twitter_card":"summary_large_image","schema":{"@context":"https:\/\/schema.org","@graph":[{"@type":"WebPage","@id":"https:\/\/www.klimujeme.com\/?page_id=269","url":"https:\/\/www.klimujeme.com\/?page_id=269","name":"Service Grid - KLIMUJEME.SK - Klimatiz\u00e1cie a tepeln\u00e9 \u010derpadl\u00e1","isPartOf":{"@id":"https:\/\/www.klimujeme.com\/#website"},"datePublished":"2021-04-14T09:25:46+00:00","dateModified":"2021-04-14T09:25:46+00:00","breadcrumb":{"@id":"https:\/\/www.klimujeme.com\/?page_id=269#breadcrumb"},"inLanguage":"sk-SK","potentialAction":[{"@type":"ReadAction","target":["https:\/\/www.klimujeme.com\/?page_id=269"]}]},{"@type":"BreadcrumbList","@id":"https:\/\/www.klimujeme.com\/?page_id=269#breadcrumb","itemListElement":[{"@type":"ListItem","position":1,"name":"Domovsk\u00e1 str\u00e1nka","item":"https:\/\/www.klimujeme.com\/"},{"@type":"ListItem","position":2,"name":"Service Grid"}]},{"@type":"WebSite","@id":"https:\/\/www.klimujeme.com\/#website","url":"https:\/\/www.klimujeme.com\/","name":"KLIMUJEME.SK - Klimatiz\u00e1cie a tepeln\u00e9 \u010derpadl\u00e1","description":"Klimatiz\u00e1cie pre v\u00e1\u0161 domov aj podnikanie","potentialAction":[{"@type":"SearchAction","target":{"@type":"EntryPoint","urlTemplate":"https:\/\/www.klimujeme.com\/?s={search_term_string}"},"query-input":"required name=search_term_string"}],"inLanguage":"sk-SK"}]}},"_links":{"self":[{"href":"https:\/\/www.klimujeme.com\/index.php?rest_route=\/wp\/v2\/pages\/269"}],"collection":[{"href":"https:\/\/www.klimujeme.com\/index.php?rest_route=\/wp\/v2\/pages"}],"about":[{"href":"https:\/\/www.klimujeme.com\/index.php?rest_route=\/wp\/v2\/types\/page"}],"author":[{"embeddable":true,"href":"https:\/\/www.klimujeme.com\/index.php?rest_route=\/wp\/v2\/users\/1"}],"replies":[{"embeddable":true,"href":"https:\/\/www.klimujeme.com\/index.php?rest_route=%2Fwp%2Fv2%2Fcomments&post=269"}],"version-history":[{"count":0,"href":"https:\/\/www.klimujeme.com\/index.php?rest_route=\/wp\/v2\/pages\/269\/revisions"}],"wp:attachment":[{"href":"https:\/\/www.klimujeme.com\/index.php?rest_route=%2Fwp%2Fv2%2Fmedia&parent=269"}],"curies":[{"name":"wp","href":"https:\/\/api.w.org\/{rel}","templated":true}]}}